
Let k(y) = -y + 27. Let h = -166 + 178. What is k(h)?
15
Let c(f) = -4*f + 60*f - 68 - 11*f - 13*f - 13*f. Give c(4).
8
Let l(r) be the second derivative of r**5/20 + 7*r**4/12 - r**3/3 - r**2 + 2122*r. Give l(-6).
46
Let t(s) = 15*s + 94. Suppose -29*a - 66 = 108. Determine t(a).
4
Let z(y) = -y**2 - 4*y + 4. Let c be z(2). Let g(m) = m**2 + 6*m - 9. Let t be g(c). Let j(v) = 0 - 3 + t + 5*v. Determine j(-3).
-11
Let u(g) = 46 + 67 - g - 192 + 61. Calculate u(-5).
-13
Let d(c) = 4*c**2 + 9*c + 3. Suppose 0 = -3*k - 1737 + 1731. Calculate d(k).
1
Suppose 5*f + 90 = 2*f. Let r = f - -36. Let i(j) = -2*j + 7 - 8*j + 7*j. What is i(r)?
-11
Let t(x) be the second derivative of 0*x**4 + 83*x + 0 + 25/2*x**2 + 1/6*x**3 + 1/20*x**5. Give t(0).
25
Let u(s) = -9*s + 43. Let w(t) = t**3 - 12*t**2 - 82*t + 20. Let b be w(-5). Determine u(b).
-2
Suppose 0 = 4*o - 3*o + 2. Let z be o/4 + (-2)/(-4). Let i(a) = 3*a**2 - 4 - 4*a**2 + 5 + a**3 - 26 + 17. What is i(z)?
-8
Let c(i) = 6*i**3 + i**2 - 3*i - 2. Let f(j) = 7*j**3 + j**2 - 4*j - 2. Let l(m) = 5*c(m) - 4*f(m). Let w be l(0). Let u(a) = -9*a**2 - 2*a + 2. Calculate u(w).
-30
Let n(j) = -j + 5. Let a be (6 - 7) + 2 - 397. Let u = a - -385. Give n(u).
16
Let t = 168 - 145. Let r(b) = 5*b**2 + t*b**3 - 22*b**3 - 2*b**2 + 3*b. What is r(-2)?
-2
Let j(p) = p**3 + 12*p**2 + 2*p + 16. Let i be (684/532 + -2*(-3)/14)*-7. Calculate j(i).
-8
Let m(g) = 16*g**2 + 36*g - 173. Let f(c) = 7*c**2 + 19*c - 87. Let l(p) = -9*f(p) + 4*m(p). Let z be l(23). Let h(d) = -40*d + 1. What is h(z)?
41
Let c(h) = h + 3. Suppose u = 4*r - 8, r + 7*u = 3*u + 2. Let j be (-5 + r)*1 + (0 - -17). Let a(g) = -g**2 + 13*g + 4. Let v be a(j). Calculate c(v).
-7
Let t(z) be the third derivative of -z**5/60 - 5*z**4/24 + 7*z**3/3 - 36*z**2. Let f be (14 + -10)*7/(-4). Calculate t(f).
0
Suppose -16*s = -19*s + 3*m + 36, 0 = 5*s - 2*m - 51. Suppose 0 = s*d - 6*d. Let v(c) = c**2 - 13. What is v(d)?
-13
Suppose 4*r - 81 = 5*q, 4*r - 55 = 3*q - 0*q. Suppose -u - 72 = -5*u. Let z(d) = -10*d + 8 - u + 9*d. Determine z(q).
3
Let g(l) = -l**3 - 8*l**2 + 19*l. Let y = 11365 - 11375. Give g(y).
10
Let j(t) = -t**3 + 2*t**2 - 15. Suppose 0 = -33*r + 43*r. Determine j(r).
-15
Let b(h) be the first derivative of h**3 + 7*h**2/2 + 10*h + 1833. Give b(-3).
16
Let c be (-6)/(-6)*168/6. Let o(z) = 8*z - 218. Determine o(c).
6
Let q(z) = -3*z + 310 + 3*z + 3*z - z**2 - 302. Calculate q(-3).
-10
Let v(r) = -r**3 - 6*r**2 + 3*r - 5. Let d be v(-7). Suppose d = -3*j + 2. Let l(k) be the first derivative of k**3/3 + 4*k**2 + 6*k + 2352. Determine l(j).
-1
Let j(f) = f**2 + f + 111. Suppose -11*a + 30 = 55 - 25. Determine j(a).
111
Let o(p) = p**3 + p**2 - 32*p + 12. Let x be o(5). Let f(i) = x*i - 2661 - 8*i + 2661. Suppose z + 0*z - m - 1 = 0, 0 = 2*z + 3*m - 2. Determine f(z).
-6
Let b(h) = -68*h - 202. Let k = 45 + -48. Let g be b(k). Let p(d) = 3*d**2 - d - 4. What is p(g)?
6
Let g(d) be the second derivative of d**6/360 + d**5/24 - d**4/24 - d**3/3 - 73*d**2 + 276*d. Let n(h) be the second derivative of g(h). What is n(-4)?
-5
Let x(g) = -2*g**3 + g**2 - g. Let v(f) = 23*f**3 - 11*f**2 + 25*f - 6. Let b(p) = v(p) + 12*x(p). Give b(5).
-41
Let c(j) = 62 - 6*j - 26 - 28 - 94. Determine c(-13).
-8
Let h(j) be the third derivative of j**4/12 - j**3/2 - 372*j**2. Suppose -4*r + 24 = -0. Let o be (-1)/(2/r - 5/6). Give h(o).
1
Let m(r) = r**2 - 3*r - 3. Suppose -40*f + 19*f - 126 = 0. Let w be 7 - (f + 21/3). What is m(w)?
15
Let x be -2*(-1)/((-2)/(-7)). Let g(m) = -19*m**2 + 26*m - 3. Let o(n) = 30*n**2 - 39*n + 5. Let u(l) = -8*g(l) - 5*o(l). Calculate u(x).
6
Let x be ((-138)/(-30))/1 + (-3)/5. Let p(v) = -11*v**3 + 12*v**2 + 20*v + 1. Let q(a) = -7*a**3 + 8*a**2 + 13*a. Let s(c) = 5*p(c) - 8*q(c). Calculate s(x).
-11
Let x(r) = r**3 + 26*r**2 - 28*r - 20. Let f(g) = 2*g**3 + 10*g**2 + 13*g - 24. Let v be f(-3). Give x(v).
7
Let l(d) be the first derivative of d**2/2 + 18*d + 6357. Determine l(-13).
5
Let c(v) be the first derivative of -v**2 - 8*v - 15656. Let l = 8 - 15. Determine c(l).
6
Let u = 15 - 22. Suppose w + 5*f + 209 = 1227, -3*w = 2*f - 2989. Let r(x) = 994 - x - 1995 + w. Give r(u).
-1
Let n(u) be the first derivative of u**6/40 - u**4/24 - 28*u**3/3 + 2*u - 131. Let r(d) be the third derivative of n(d). What is r(-1)?
8
Let b(a) = a**3 - 8*a**2 - a + 6. Suppose 118 = 50*v + 12 - 94. What is b(v)?
-62
Let p(c) be the third derivative of c**5/15 + c**4/4 + c**3/2 - 22*c**2 - 27. Give p(-4).
43
Let l = -13 - -23. Let z(m) be the first derivative of -m**4/4 + 10*m**3/3 + m**2 - 14*m - 91445. Give z(l).
6
Suppose -32*w + 6 = -29*w - 3*q, 0 = -4*w + 3*q + 8. Let f(l) = -6477*l**3 - 6 + 2*l**2 + 0*l**w + 6478*l**3. Calculate f(-2).
-6
Let s(d) = d**3 + 19*d**2 - 3*d - 62. Suppose 6*p - 2*b - 30 = 8*p, 2*b = 3*p + 65. Let x be s(p). Let k(c) = -c - 5. Calculate k(x).
0
Let w(s) be the first derivative of -8*s**3/3 + s**2/2 - s - 246. Give w(1).
-8
Suppose -18 = -4*j + 2*j. Let m(a) be the second derivative of -a**4/12 + 2*a**3 - 3*a**2/2 - 1253*a. What is m(j)?
24
Let x(c) = 48*c**3 + 126*c**2 - 97*c + 290. Let f(s) = 5*s**3 + 14*s**2 - 11*s + 32. Let g(j) = -19*f(j) + 2*x(j). What is g(13)?
-2
Let f = 37 + 112. Let j = f + -157. Let u(r) = r**2 + 6*r - 10. Give u(j).
6
Let v(f) be the third derivative of -1/24*f**4 + 1/2*f**3 + 1 + 0*f + 8*f**2. Let p be (-3)/2 + (-34)/(-4). What is v(p)?
-4
Let c(s) = -4*s - 1. Let n = 257 - 258. Let j be (-4)/n - (8 + 0). Determine c(j).
15
Let j(z) = z**3 - 5*z**2 + 6*z - 6. Suppose 14*y - 37*y - 3036 = 0. Suppose -11*c = 682 + 726. Let p = c - y. What is j(p)?
2
Let y(w) = w**3 - w**2 - w + 7. Let i = 4031 - 4034. Determine y(i).
-26
Let k(f) be the first derivative of -f**3/3 + 15*f**2/2 - 11*f - 94. Let a = 23 - 11. Give k(a).
25
Let w = -3385 - -3380. Let f(u) = -u**2 + 6*u + 54. What is f(w)?
-1
Suppose 156 = 5*l - 4*k, k = 7*l - 10*l + 97. Suppose 0 = -6*o + 2*o + 108. Let w = o - l. Let t(r) = r**3 + 7*r**2 + 7*r + 3. Determine t(w).
18
Let o(x) be the third derivative of 11*x**6/720 + x**5/120 - 29*x**4/12 - 13*x**2 - 2. Let d(l) be the second derivative of o(l). What is d(-1)?
-10
Let t = 426 + -263. Let l(r) = -158*r + 0*r**2 - 2 + t*r - 4*r**2. What is l(3)?
-23
Let x(v) be the second derivative of -v**4/4 + v**3/3 - 13*v**2/2 - 729*v + 1. Give x(0).
-13
Let g(r) be the third derivative of -r**5/60 - 13*r**4/24 + 23*r**3/6 + r**2 + 347*r. Determine g(-14).
9
Let m be (-1 + 7)/(-2) - -1. Let n(x) = 4*x + 1. Let z(v) = 15*v + 6. Let j(h) = -h - 12. Let k be j(-8). Let b(s) = k*n(s) + z(s). Give b(m).
4
Let t(v) be the first derivative of -1/60*v**5 - 1/3*v**3 - 1/8*v**4 - 3*v**2 + 0*v + 13. Let w(g) be the second derivative of t(g). Give w(-5).
-12
Let j(f) = 2*f - 1. Let r(o) = 3*o - 1. Let h(i) = 4*j(i) - 3*r(i). Let w = 10 + -8. Suppose 0 = 2*u - w*d + 4, 2*u + 0*d = -d - 4. Give h(u).
1
Let l(u) be the third derivative of -u**6/120 - 9*u**5/20 - 2*u**4 + 55*u**3/6 - 3049*u**2. Give l(-25).
5
Let a(t) be the third derivative of -t**6/120 - 7*t**5/60 - 5*t**4/12 + t**3 + 2196*t**2. Determine a(-5).
6
Let k(a) = -a**3 - 4*a**2 - 9*a - 8. Let w = 7047 + -7052. What is k(w)?
62
Let w(k) = 3*k + 213. Let g be w(-67). Let f(d) = 3*d + 12. Let i(b) = 7*b + 24. Let o(s) = 5*f(s) - 2*i(s). What is o(g)?
24
Let q(o) = 34*o - 51*o - 2 + 14*o. Let d = 6 - 1. Suppose 0 = -d*j + 5*t - 5, -2 = t - 0. Calculate q(j).
7
Suppose -x + 5 = -2*t + t, 0 = 3*x. Let b(z) = -3499 + 4*z - 3*z + 3509. Determine b(t).
5
Let v(o) = 10 - 3*o - 13 - 27. Suppose 126162 = -96*s + 124914. Calculate v(s).
9
Suppose -585 = -w - 2*b, 2*w = -3*b - 0*b + 1165. Let n = w + -571. Let k(p) = -p**2 + 10*p - 19. Give k(n).
5
Suppose 6 = b + 3*g, 4*b + 4*g - 5 = 11. Let s(t) = 3*t - 118*t**b + 244*t**3 - 125*t**3 + 4*t**2 + 4. Calculate s(-4).
-8
Let u(m) = m**3 - 4*m**2 + m - 2. Suppose 150 = 24*c + 78. Suppose -4*f = 3*a - 12, c*f + 0 = -a + 4. Calculate u(a).
2
Let j(k) = 6*k. Let v be ((-90)/(-20))/(1/2). Suppose -3*w + v = -12*w. Determine j(w).
-6
Let k be (132/(-20) + 7)*(7 - -8). Let b(t) = -85*t + 5*t**2 + 38*t - 4*t**2 - 7 + 44*t. Give b(k).
11
Suppose -108*n = -113*n + 1835. Suppose -n*g = -384*g + 136. Let q(p) = 2*p**2 - 12*p